{"id":598,"date":"2016-10-24T13:06:04","date_gmt":"2016-10-24T18:06:04","guid":{"rendered":"http:\/\/guaranda.gob.ec\/newsiteCMT\/?page_id=598"},"modified":"2016-10-24T13:06:34","modified_gmt":"2016-10-24T18:06:34","slug":"guaranda-tv","status":"publish","type":"page","link":"https:\/\/www.guaranda.gob.ec\/newsiteCMT\/guaranda-tv\/","title":{"rendered":"Guaranda TV"},"content":{"rendered":"<p><strong>Atribuciones y Responsabilidades:<\/strong><\/p>\n<ul>\n<li style=\"text-align: justify;\">Planificaci\u00f3n, organizaci\u00f3n, coordinaci\u00f3n, direcci\u00f3n, control y mejoramiento de las actividades relacionadas con la Gesti\u00f3n del Departamento Canal TV5.<\/li>\n<li style=\"text-align: justify;\">Elaboraci\u00f3n y evaluaci\u00f3n del Plan Estrat\u00e9gico del Departamento Canal TV5;<\/li>\n<li style=\"text-align: justify;\">Elaboraci\u00f3n y evaluaci\u00f3n del Plan operativo Anual del Departamento Canal TV5;<\/li>\n<li style=\"text-align: justify;\">Coordinar el trabajo de los equipos period\u00edsticos (qu\u00e9 cobertura, qu\u00e9 entrevista, qu\u00e9 visita a obras, qu\u00e9 tema);<\/li>\n<li style=\"text-align: justify;\">Dirigir los noticieros y los informativos institucionales (tem\u00e1tica, tomas, \u00e1ngulos, cortes, iluminaci\u00f3n);<\/li>\n<li style=\"text-align: justify;\">Revisar, corregir y aprobar los textos de las notas period\u00edsticas, antes de su grabaci\u00f3n en audio;<\/li>\n<li style=\"text-align: justify;\">Supervisar y aprobar el trabajo de edici\u00f3n tanto de im\u00e1genes como de audios previa entrega a la Direcci\u00f3n de Comunicaci\u00f3n;<\/li>\n<li style=\"text-align: justify;\">Producir spot publicitarios del actuar institucional;<\/li>\n<li style=\"text-align: justify;\">Coordinar la producci\u00f3n de programas propios;<\/li>\n<li style=\"text-align: justify;\">Coordinar las producciones independientes que est\u00e1n al aire,<\/li>\n<li style=\"text-align: justify;\">Realizar y actualizar, constantemente, la parrilla de programaci\u00f3n;<\/li>\n<li style=\"text-align: justify;\">Liderar el equipo de trabajo, motivarlo y exigir calidad y resultados.<\/li>\n<\/ul>\n","protected":false},"excerpt":{"rendered":"<p>Atribuciones y Responsabilidades: Planificaci\u00f3n, organizaci\u00f3n, coordinaci\u00f3n, direcci\u00f3n, control y mejoramiento de las actividades relacionadas con la Gesti\u00f3n del Departamento Canal TV5. Elaboraci\u00f3n y evaluaci\u00f3n del Plan Estrat\u00e9gico del Departamento Canal TV5; Elaboraci\u00f3n y evaluaci\u00f3n del Plan operativo Anual del Departamento Canal TV5; Coordinar el trabajo de los equipos period\u00edsticos (qu\u00e9 cobertura, qu\u00e9 entrevista, qu\u00e9 visita [&hellip;]<\/p>\n","protected":false},"author":1,"featured_media":0,"parent":0,"menu_order":0,"comment_status":"closed","ping_status":"closed","template":"","meta":{"give_campaign_id":0,"footnotes":""},"class_list":["post-598","page","type-page","status-publish","hentry"],"campaignId":"","jetpack_shortlink":"https:\/\/wp.me\/P7CGGh-9E","jetpack_sharing_enabled":true,"_links":{"self":[{"href":"https:\/\/www.guaranda.gob.ec\/newsiteCMT\/wp-json\/wp\/v2\/pages\/598","targetHints":{"allow":["GET"]}}],"collection":[{"href":"https:\/\/www.guaranda.gob.ec\/newsiteCMT\/wp-json\/wp\/v2\/pages"}],"about":[{"href":"https:\/\/www.guaranda.gob.ec\/newsiteCMT\/wp-json\/wp\/v2\/types\/page"}],"author":[{"embeddable":true,"href":"https:\/\/www.guaranda.gob.ec\/newsiteCMT\/wp-json\/wp\/v2\/users\/1"}],"replies":[{"embeddable":true,"href":"https:\/\/www.guaranda.gob.ec\/newsiteCMT\/wp-json\/wp\/v2\/comments?post=598"}],"version-history":[{"count":2,"href":"https:\/\/www.guaranda.gob.ec\/newsiteCMT\/wp-json\/wp\/v2\/pages\/598\/revisions"}],"predecessor-version":[{"id":600,"href":"https:\/\/www.guaranda.gob.ec\/newsiteCMT\/wp-json\/wp\/v2\/pages\/598\/revisions\/600"}],"wp:attachment":[{"href":"https:\/\/www.guaranda.gob.ec\/newsiteCMT\/wp-json\/wp\/v2\/media?parent=598"}],"curies":[{"name":"wp","href":"https:\/\/api.w.org\/{rel}","templated":true}]}}

<p><strong>Atribuciones y Responsabilidades:</strong></p>
<ul>
<li style="text-align: justify;">Planificación, organización, coordinación, dirección, control y mejoramiento de las actividades relacionadas con la Gestión del Departamento Canal TV5.</li>
<li style="text-align: justify;">Elaboración y evaluación del Plan Estratégico del Departamento Canal TV5;</li>
<li style="text-align: justify;">Elaboración y evaluación del Plan operativo Anual del Departamento Canal TV5;</li>
<li style="text-align: justify;">Coordinar el trabajo de los equipos periodísticos (qué cobertura, qué entrevista, qué visita a obras, qué tema);</li>
<li style="text-align: justify;">Dirigir los noticieros y los informativos institucionales (temática, tomas, ángulos, cortes, iluminación);</li>
<li style="text-align: justify;">Revisar, corregir y aprobar los textos de las notas periodísticas, antes de su grabación en audio;</li>
<li style="text-align: justify;">Supervisar y aprobar el trabajo de edición tanto de imágenes como de audios previa entrega a la Dirección de Comunicación;</li>
<li style="text-align: justify;">Producir spot publicitarios del actuar institucional;</li>
<li style="text-align: justify;">Coordinar la producción de programas propios;</li>
<li style="text-align: justify;">Coordinar las producciones independientes que están al aire,</li>
<li style="text-align: justify;">Realizar y actualizar, constantemente, la parrilla de programación;</li>
<li style="text-align: justify;">Liderar el equipo de trabajo, motivarlo y exigir calidad y resultados.</li>
</ul>

<p>Atribuciones y Responsabilidades: Planificación, organización, coordinación, dirección, control y mejoramiento de las actividades relacionadas con la Gestión del Departamento Canal TV5. Elaboración y evaluación del Plan Estratégico del Departamento Canal TV5; Elaboración y evaluación del Plan operativo Anual del Departamento Canal TV5; Coordinar el trabajo de los equipos periodísticos (qué cobertura, qué entrevista, qué visita [&hellip;]</p>
