{"id":47,"date":"2016-06-08T13:07:02","date_gmt":"2016-06-08T18:07:02","guid":{"rendered":"http:\/\/guaranda.gob.ec\/newsiteCMT\/?page_id=47"},"modified":"2025-05-16T10:09:21","modified_gmt":"2025-05-16T15:09:21","slug":"centro-historico","status":"publish","type":"page","link":"https:\/\/www.guaranda.gob.ec\/newsiteCMT\/centro-historico\/","title":{"rendered":"Centro Hist\u00f3rico"},"content":{"rendered":"<p style=\"text-align: justify;\"><strong>Guaranda: Encanto y Ensue\u00f1o<\/strong><\/p>\n<p style=\"text-align: justify;\">El Centro Hist\u00f3rico de Guaranda est\u00e1 compuesto por un conjunto de casas construidas con materiales aut\u00f3ctonos y con una ingenier\u00eda propia de comienzos del siglo XX. Hay algunas construcciones del siglo XIX. Guardan en su dise\u00f1o y estructura la genialidad de los constructores de anta\u00f1o, que aprovecharon al m\u00e1ximo los materiales propios de la \u00e9poca: Tapial, adobe, adob\u00f3n, teja, madera para pisos, puertas, ventanas, pasamanos, escaleras.<\/p>\n<p style=\"text-align: justify;\">Desde cualquiera de las Siete Colinas se contempla una ciudad techada por tejas que le dan un aire se\u00f1orial y una sensaci\u00f3n de tapizado uniforme color marr\u00f3n, propio de la teja guarande\u00f1a.<\/p>\n<p style=\"text-align: justify;\">Esta particularidad arquitect\u00f3nica sirvi\u00f3 de base para que en 1997 le declaren a Guaranda Patrimonio Cultural del Ecuador.<\/p>\n<p style=\"text-align: justify;\">El Centro Hist\u00f3rico, es uno de los principales atractivos tur\u00edsticos de la ciudad. Sus casas de dos plantas, con balcones de madera tallada o combinado con hierro, paredes de adobe y adob\u00f3n, masilladas y pintadas a gusto de sus propietarios, son el fiel reflejo de la herencia hisp\u00e1nica plasmada en esas construcciones.<\/p>\n<p style=\"text-align: justify;\">Es una ciudad que recoge la influencia espa\u00f1ola. Alrededor del Parque Libertador, su parque central, est\u00e1n la Iglesia Catedral, el Palacio Municipal, la Gobernaci\u00f3n, la Corte Provincial de Justicia.<\/p>\n<p style=\"text-align: justify;\">Sus calles angostas y en su mayor\u00eda con adoqu\u00edn de piedra, le dan una apariencia de solemnidad, sobriedad y elegancia \u00fanicas, muy atractivas para contemplarlas tanto en el d\u00eda como en la noche. Desplazarse por sus veredas estrechas y encontrarse con la calidez y la diafanidad de su gente es un real placer.<\/p>\n<p style=\"text-align: justify;\">Algunas calles como la Convenci\u00f3n de 1884, Garc\u00eda Moreno, 7 de Mayo, 9 de Abril, 10 de Agosto, Sucre, Rocafuerte, Olmedo, guardan el encanto del adoqu\u00edn, estrechez y sin par elegancia, propia de una ciudad de la serran\u00eda ecuatoriana.<\/p>\n<p style=\"text-align: justify;\">En Guaranda hay barrios tradicionales como la Pila, el barrio Caliente, Guanguliqu\u00edn, 15 de Mayo, Hospital de Jes\u00fas, entre otros, que han plasmado en su arquitectura lo mejor de la ciudad. Guaranda es una ciudad de \u201cencantos y de ensue\u00f1os\u201d.<\/p>\n","protected":false},"excerpt":{"rendered":"<p>Guaranda: Encanto y Ensue\u00f1o El Centro Hist\u00f3rico de Guaranda est\u00e1 compuesto por un conjunto de casas construidas con materiales aut\u00f3ctonos y con una ingenier\u00eda propia de comienzos del siglo XX. Hay algunas construcciones del siglo XIX. Guardan en su dise\u00f1o y estructura la genialidad de los constructores de anta\u00f1o, que aprovecharon al m\u00e1ximo los materiales [&hellip;]<\/p>\n","protected":false},"author":1,"featured_media":7932,"parent":0,"menu_order":0,"comment_status":"closed","ping_status":"closed","template":"","meta":{"give_campaign_id":0,"footnotes":""},"class_list":["post-47","page","type-page","status-publish","has-post-thumbnail","hentry"],"campaignId":"","jetpack_shortlink":"https:\/\/wp.me\/P7CGGh-L","jetpack_sharing_enabled":true,"_links":{"self":[{"href":"https:\/\/www.guaranda.gob.ec\/newsiteCMT\/wp-json\/wp\/v2\/pages\/47","targetHints":{"allow":["GET"]}}],"collection":[{"href":"https:\/\/www.guaranda.gob.ec\/newsiteCMT\/wp-json\/wp\/v2\/pages"}],"about":[{"href":"https:\/\/www.guaranda.gob.ec\/newsiteCMT\/wp-json\/wp\/v2\/types\/page"}],"author":[{"embeddable":true,"href":"https:\/\/www.guaranda.gob.ec\/newsiteCMT\/wp-json\/wp\/v2\/users\/1"}],"replies":[{"embeddable":true,"href":"https:\/\/www.guaranda.gob.ec\/newsiteCMT\/wp-json\/wp\/v2\/comments?post=47"}],"version-history":[{"count":4,"href":"https:\/\/www.guaranda.gob.ec\/newsiteCMT\/wp-json\/wp\/v2\/pages\/47\/revisions"}],"predecessor-version":[{"id":7415,"href":"https:\/\/www.guaranda.gob.ec\/newsiteCMT\/wp-json\/wp\/v2\/pages\/47\/revisions\/7415"}],"wp:featuredmedia":[{"embeddable":true,"href":"https:\/\/www.guaranda.gob.ec\/newsiteCMT\/wp-json\/wp\/v2\/media\/7932"}],"wp:attachment":[{"href":"https:\/\/www.guaranda.gob.ec\/newsiteCMT\/wp-json\/wp\/v2\/media?parent=47"}],"curies":[{"name":"wp","href":"https:\/\/api.w.org\/{rel}","templated":true}]}}