{"id":4640,"date":"2020-10-22T15:50:01","date_gmt":"2020-10-22T20:50:01","guid":{"rendered":"http:\/\/www.guaranda.gob.ec\/newsiteCMT\/?page_id=4640"},"modified":"2020-10-23T11:43:28","modified_gmt":"2020-10-23T16:43:28","slug":"unidad-municipal-de-transito-del-canton-guaranda","status":"publish","type":"page","link":"https:\/\/www.guaranda.gob.ec\/newsiteCMT\/unidad-municipal-de-transito-del-canton-guaranda\/","title":{"rendered":"UNIDAD MUNICIPAL DE TRANSITO DEL CANTON GUARANDA"},"content":{"rendered":"<p>[vc_row][vc_column][vc_column_text]<\/p>\n<p style=\"text-align: justify;\"><strong>Misi\u00f3n:<\/strong><\/p>\n<p style=\"text-align: justify;\">Se encarga de planificar, organizar, regular y controlar el Transporte Terrestre, Tr\u00e1nsito y la Seguridad Vial Inter parroquial, Inter cantonal y Urbano en todo el territorio que comprende la jurisdicci\u00f3n del cant\u00f3n Guaranda, manteniendo coordinaci\u00f3n directa con los \u00f3rganos de Transporte Terrestre, Tr\u00e1nsito y Seguridad Vial competentes para la correcta aplicaci\u00f3n de su Ordenanza, Leyes y Reglamento correlativos.<strong>\u00a0<\/strong><\/p>\n<p style=\"text-align: justify;\"><strong>Atribuciones y Responsabilidades:<\/strong><\/p>\n<p style=\"text-align: justify;\">En materia de Planificaci\u00f3n, a la Direcci\u00f3n de Transporte Terrestre, Tr\u00e1nsito y la Seguridad Vial, le corresponde:<\/p>\n<ul style=\"text-align: justify;\">\n<li>Planificar la circulaci\u00f3n de los veh\u00edculos y servicios de transporte p\u00fablico y privado de pasajeros o de carga;<\/li>\n<li>Planificar el estacionamiento p\u00fablico y privado;<\/li>\n<li>Generar Sistemas integrales para la administraci\u00f3n del tr\u00e1nsito urbano e inter parroquial e inter cantonal;<\/li>\n<li>La Semaforizaci\u00f3n urbana centralizada;<\/li>\n<li>La Semaforizaci\u00f3n vial, horizontal y vertical, urbana e inter cantonal;<\/li>\n<li>La Seguridad Vial urbana e inter cantonal;<\/li>\n<li>LA Circulaci\u00f3n peatonal y seguridad peatonal;<\/li>\n<li>Circulaci\u00f3n de bicicletas o ciclo v\u00edas;<\/li>\n<li>Determinar la infraestructura adecuada para la prestaci\u00f3n de los servicios de transporte terrestre y privado.<\/li>\n<\/ul>\n<p style=\"text-align: justify;\"><strong>Art. 78.- <\/strong>En material de Organizaci\u00f3n del Tr\u00e1nsito, conforme lo estipula el Art. 264 numeral 6) de la Constituci\u00f3n de la Rep\u00fablica compete a la Unidad de Trasporte Terrestre, Tr\u00e1nsito y la Seguridad Vial.<\/p>\n<ul style=\"text-align: justify;\">\n<li>Organizar y distribuir estrat\u00e9gicamente los sistemas inteligentes para el gerenciamiento del tr\u00e1nsito urbano en su jurisdicci\u00f3n;<\/li>\n<li>Crear y optimizar progresivamente la red de semaforizaci\u00f3n urbana centralizada;<\/li>\n<li>Organizar, se\u00f1alizar la vialidad urbana en su jurisdicci\u00f3n;<\/li>\n<li>Organizar y distribuir los elementos de seguridad vial urbana en su jurisdicci\u00f3n, grupos humanos vulnerables, el adecuado ejercicio de su derecho de movilidad, previendo tratos preferentes.<\/li>\n<li>Organizar y especificar el estacionamiento privado edificado y no edificado fuera de la v\u00eda;<\/li>\n<li>Organizar y especificar los servicios de estacionamiento p\u00fablico libre y tarifado en la v\u00eda;<\/li>\n<li>Organizar los servicios de trasporte en fase o etapas de implementaci\u00f3n;<\/li>\n<li>Organizar planes y programas de seguridad vial y<\/li>\n<li>LA TRAMITOLOG\u00cdA Y DOCUMENTACI\u00d3N HABILITANTES, PARA:<\/li>\n<\/ul>\n<ol style=\"text-align: justify;\">\n<li>Resoluciones administrativas espec\u00edficas<\/li>\n<li>Premisos de operaci\u00f3n<\/li>\n<li>Habilitaciones operacionales<\/li>\n<li>Cambios de socios<\/li>\n<li>Cambios de unidad<\/li>\n<li>Cambios de socio y unidad<\/li>\n<li>Calificaci\u00f3n vehicular o constataci\u00f3n f\u00edsica<\/li>\n<li>Registro vehicular de servicio p\u00fablico<\/li>\n<li>Registro vehicular<\/li>\n<li>Certificaciones<\/li>\n<li>Informes t\u00e9cnicos; y,<\/li>\n<li>Informes legales.<\/li>\n<\/ol>\n<p style=\"text-align: justify;\"><strong>Art. 79.- <\/strong>En materia de Regulaci\u00f3n del Tr\u00e1nsito Terrestre compete a la Unidad T\u00e9cnica y Control de Transporte Terrestre, Tr\u00e1nsito y la Seguridad Vial.<\/p>\n<ul>\n<li style=\"text-align: justify;\">Proponer ante el Concejo Cantonal, proyectos de normas y regulaciones que permitan asegurar la correcta administraci\u00f3n de las actividades y servicios de Transporte Terrestre, Tr\u00e1nsito y la Seguridad Vial, dentro del cant\u00f3n.<\/li>\n<li><\/li>\n<li style=\"text-align: justify;\">Coordinar el cumplimiento de las resoluciones, regulaciones, normas de trasporte Terrestre, Tr\u00e1nsito y la Seguridad Vial, emitidas por la Agencia Nacional de Tr\u00e1nsito y esta Ordenanza.<\/li>\n<li style=\"text-align: justify;\">Otras establecidas en la Ordenanza de creaci\u00f3n de la Unidad municipal de TRANSPORTE TERRESTRE, TR\u00c1NSITO Y LA SEGURIDAD VIAL.<\/li>\n<\/ul>\n<h1 style=\"text-align: center;\">TR\u00c1MITES<\/h1>\n<p>[\/vc_column_text][\/vc_column][\/vc_row][vc_row][vc_column][vc_tta_accordion][vc_tta_section i_icon_fontawesome=&#8221;fa fa-chevron-down&#8221; title=&#8221;Renovaci\u00f3n anual de matr\u00edcula o documento de circulaci\u00f3n vehicular veh\u00edculos y motos&#8221; tab_id=&#8221;1603470712039-5936d866-7d31&#8243; add_icon=&#8221;true&#8221;][vc_column_text]<\/p>\n<ul>\n<li>Aprobar la revisi\u00f3n vehicular<\/li>\n<li>Presentar original de matr\u00edcula, vigente o caducada<\/li>\n<li>En caso de p\u00e9rdida de matr\u00edcula denuncia o declaraci\u00f3n juramentada, certificado \u00fanico vehicular (7,50) y de duplicado de especie (22 d\u00f3lares). Ventanilla Gad Guaranda<\/li>\n<li>Pago de matr\u00edcula y multas<\/li>\n<li>Presentar original de c\u00e9dula de ciudadan\u00eda de quien realiza el tr\u00e1mite.<\/li>\n<li>No mantener deudas pendientes con la CTE o ANT.<\/li>\n<\/ul>\n<p>[\/vc_column_text][\/vc_tta_section][vc_tta_section i_icon_fontawesome=&#8221;fa fa-chevron-down&#8221; title=&#8221;Cambio de propietario&#8221; tab_id=&#8221;1603470712080-38d8bf59-18a5&#8243; add_icon=&#8221;true&#8221;][vc_column_text]<strong>Requisitos:<\/strong><\/p>\n<ul>\n<li>Aprobar la revisi\u00f3n vehicular<\/li>\n<li>Pago de matr\u00edcula y multas<\/li>\n<li>Original del contrato de compra\/venta de veh\u00edculos, con reconocimiento de firmas de vendedores y compradores debidamente legalizado ante notario p\u00fablico<\/li>\n<li>Original de matr\u00edcula.<\/li>\n<li>En caso de p\u00e9rdida de matr\u00edcula denuncia o declaraci\u00f3n juramentada, certificado \u00fanico vehicular (7,50) y de duplicado de especie (22 d\u00f3lares). Ventanilla Gad Guaranda<\/li>\n<li>Para Compa\u00f1\u00edas o Instituciones P\u00fablicas: RUC actualizado, nombramiento del representante legal vigente, Copia de cedula de ciudadan\u00eda del representante legal y certificado de votaci\u00f3n. (COMPRADOR\/VENDEDOR)<\/li>\n<li>Toma de Improntas de motor y chasis<\/li>\n<\/ul>\n<ul>\n<li>Original de comprobante de pago del 1% por transferencia de dominio realizado en el SRI.<\/li>\n<li>No mantener deudas pendientes con la CTE o ANT.<\/li>\n<\/ul>\n<ul>\n<li>Para Instituciones P\u00fablicas: Carta de Autorizaci\u00f3n simple emitida por\u00a0 del Jefe de Servicios Generales o quien haga sus veces, emitido a nombre de la persona que realiza el tr\u00e1mite.<br \/>\n<strong>CONSIDERACIONES Y REQUISITOS ADICIONALES PARA CAMBIO DE PROPIETARIO <\/strong><\/li>\n<\/ul>\n<p><strong><em>1.-\u00a0PERSONA VIUDA<\/em><\/strong>. &#8211; en caso de compra\/venta de gananciales del (la) c\u00f3nyuge sobreviviente, sobre un veh\u00edculo automotor:<\/p>\n<ul>\n<li>Original o copia notariada de la\u00a0<strong>ESCRITURA DE\u00a0POSESION EFECTIVA,\u00a0<\/strong>otorgada ante autoridad competente y legalmente registrada<\/li>\n<li>Original o copia notariada de la\u00a0<strong>AUTORIZACION JUDICIAL\u00a0DE VENTA\u00a0<\/strong>de los derechos y acciones hereditarias de los herederos menores<br \/>\nde edad, realizado ante un Juez de lo Civil por el Procurador Com\u00fan, el Apoderado o el Representante Legal<\/li>\n<li>Original o copia notariada de la\u00a0<strong>INSCRIPCION DE\u00a0MATRIMONIO Y ESCRITURA DE POSESION EFECTIVA\u00a0<\/strong>a favor de los herederos,<br \/>\ncuando \u00e9stos son mayores de edad.<\/li>\n<\/ul>\n<p><strong>2.-<em>PERSONA DIVORCIADA<\/em><\/strong>.- en caso de compra\/venta de un veh\u00edculo automotor por parte de una persona divorciada:<\/p>\n<ul>\n<li>Original o copia notariada de la\u00a0<strong>SENTENCIA DE\u00a0DIVORCIO y LIQUIDACION DE LA SOCIEDAD CONYUGAL,\u00a0<\/strong>que justifique que el<br \/>\nveh\u00edculo automotor materia de la venta, le est\u00e9 adjudicado.<\/li>\n<\/ul>\n<p>En caso de Capitulaciones Matrimoniales se presentar\u00e1 el documento que acredite el dominio del veh\u00edculo automotor a t\u00edtulo personal.[\/vc_column_text][\/vc_tta_section][vc_tta_section i_icon_fontawesome=&#8221;fa fa-chevron-down&#8221; title=&#8221;Matriculaci\u00f3n de veh\u00edculos nuevos nacionales o importados&#8221; tab_id=&#8221;1603470891478-d59653c0-ad81&#8243; add_icon=&#8221;true&#8221;][vc_column_text]<\/p>\n<h4>Requisitos:<\/h4>\n<ul>\n<li>Copia de c\u00e9dula de ciudadan\u00eda y certificado de votaci\u00f3n del propietario del veh\u00edculo<\/li>\n<li>Original de Factura Comercial<\/li>\n<li>Registro de Improntas de motor y chasis<\/li>\n<li>Pago de matr\u00edcula<\/li>\n<li>Presentar original de c\u00e9dula de ciudadan\u00eda de quien realiza el tr\u00e1mite<\/li>\n<li>Para Compa\u00f1ias o Instituciones Publicas: RUC actualizado, nombramiento del representante legal vigente, Copia de cedula de ciudadan\u00eda del representante legal y certificado de votaci\u00f3n.<\/li>\n<\/ul>\n<p>[\/vc_column_text][\/vc_tta_section][vc_tta_section i_icon_fontawesome=&#8221;fa fa-chevron-down&#8221; title=&#8221;Matriculaci\u00f3n de motos nuevos &#8221; tab_id=&#8221;1603470909068-e857c67d-1f85&#8243; add_icon=&#8221;true&#8221;][vc_column_text]<\/p>\n<h4>Requisitos:<\/h4>\n<ul>\n<li>Copia de c\u00e9dula de ciudadan\u00eda y certificado de votaci\u00f3n del propietario del veh\u00edculo<\/li>\n<li>Original de Factura Comercial<\/li>\n<li>Registro de Improntas de motor y chasis<\/li>\n<li>Pago de matr\u00edcula<\/li>\n<li>Presentar original de c\u00e9dula de ciudadan\u00eda de quien realiza el tr\u00e1mite<\/li>\n<li>Para Compa\u00f1ias o Instituciones Publicas: RUC actualizado, nombramiento del representante legal vigente, Copia de cedula de ciudadan\u00eda del representante legal y certificado de votaci\u00f3n<\/li>\n<\/ul>\n<p>[\/vc_column_text][\/vc_tta_section][vc_tta_section i_icon_fontawesome=&#8221;fa fa-chevron-down&#8221; title=&#8221;Duplicado de placas por perdida o deterioro&#8221; tab_id=&#8221;1603471065956-e097938a-2a16&#8243; add_icon=&#8221;true&#8221;][vc_column_text]<\/p>\n<ul>\n<li>Presentar el original de la c\u00e9dula de identidad del propietario del veh\u00edculo o representante legal, en caso de empresas o instituciones.<\/li>\n<li>Original de matr\u00edcula vigente.<\/li>\n<li>Presentar ambas placas deterioradas o la denuncia de p\u00e9rdida de ser el caso.<\/li>\n<li>Carta de autorizaci\u00f3n del Jefe de Servicios Generales de la instituci\u00f3n o de quien haga sus veces, emitido a nombre de la persona que realiza el tr\u00e1mite, para veh\u00edculos de empresas o instituciones.<\/li>\n<li>No mantener deudas pendientes con la CTE o ANT a la fecha de la solicitud de duplicado de placa.<\/li>\n<li>Orden de pago de placas genertada en la p\u00e1gina web de la ANT<\/li>\n<\/ul>\n<p>Cancelaci\u00f3n de USD 22 por concepto de duplicado de placas, en el Banco de fomento o Banco del\u00a0 Pac\u00edfico Cta. Cte. # 7347243 a nombre de la Agencia Nacional de Tr\u00e1nsito.[\/vc_column_text][\/vc_tta_section][vc_tta_section i_icon_fontawesome=&#8221;fa fa-chevron-down&#8221; title=&#8221;Cambio de Servicio de particular a p\u00fablico&#8221; tab_id=&#8221;1603471057030-12d4e47a-4141&#8243; add_icon=&#8221;true&#8221;][vc_column_text]<\/p>\n<ul>\n<li>Presentar de la resoluci\u00f3n del cambio de socio o de unidad otorgado por el organismo de tr\u00e1nsito competente, seg\u00fan corresponda.<\/li>\n<li>Presentaci\u00f3n del t\u00edtulo habilitante vigente debidamente otorgado por el organismo de tr\u00e1nsito competente.<\/li>\n<li>Entrega de placas particulares originales.<\/li>\n<\/ul>\n<ul>\n<li>Cancelaci\u00f3n de USD 22 por concepto de duplicado de placas, en el Banco de fomento o Banco del Pac\u00edfico Cta. Cte. # 7347243 a nombre de la Agencia Nacional de Tr\u00e1nsito.<\/li>\n<li>Orden de pago de placas genertada en la p\u00e1gina web de la ANT<\/li>\n<\/ul>\n<ul>\n<li>Presentaci\u00f3n del pago de la matr\u00edcula y multas.<\/li>\n<\/ul>\n<p>[\/vc_column_text][\/vc_tta_section][vc_tta_section i_icon_fontawesome=&#8221;fa fa-chevron-down&#8221; title=&#8221;Cambio de servicio de p\u00fablico a particular&#8221; tab_id=&#8221;1603471052294-bbfcc01c-1cd5&#8243; add_icon=&#8221;true&#8221;][vc_column_text]<\/p>\n<ul>\n<li>Validaci\u00f3n\/copia Resoluci\u00f3n de deshabilitaci\u00f3n del veh\u00edculo.<\/li>\n<li>Documento del cambio de servicio del SRI.<\/li>\n<li>APROBADO de Revisi\u00f3n T\u00e9cnica<\/li>\n<li>Entrega de placas p\u00fablicas originales.<\/li>\n<li>Factura original de cambio de color.<\/li>\n<li>Validaci\u00f3n del pago de la matr\u00edcula del a\u00f1o en curso.<\/li>\n<li>Cancelaci\u00f3n de USD 22 por concepto de duplicado de placas, en el Banco de fomento o Banco del Pac\u00edfico Cta. Cte. # 7347243 a nombre de la Agencia Nacional de Tr\u00e1nsito.<\/li>\n<li>Orden de pago de placas generada en la p\u00e1gina web de la ANT<\/li>\n<\/ul>\n<p>[\/vc_column_text][\/vc_tta_section][\/vc_tta_accordion][\/vc_column][\/vc_row]<\/p>\n","protected":false},"excerpt":{"rendered":"<p>[vc_row][vc_column][vc_column_text] Misi\u00f3n: Se encarga de planificar, organizar, regular y controlar el Transporte Terrestre, Tr\u00e1nsito y la Seguridad Vial Inter parroquial, Inter cantonal y Urbano en todo el territorio que comprende la jurisdicci\u00f3n del cant\u00f3n Guaranda, manteniendo coordinaci\u00f3n directa con los \u00f3rganos de Transporte Terrestre, Tr\u00e1nsito y Seguridad Vial competentes para la correcta aplicaci\u00f3n de su [&hellip;]<\/p>\n","protected":false},"author":3,"featured_media":0,"parent":0,"menu_order":0,"comment_status":"closed","ping_status":"closed","template":"","meta":{"give_campaign_id":0,"footnotes":""},"class_list":["post-4640","page","type-page","status-publish","hentry"],"campaignId":"","jetpack_shortlink":"https:\/\/wp.me\/P7CGGh-1cQ","jetpack_sharing_enabled":true,"_links":{"self":[{"href":"https:\/\/www.guaranda.gob.ec\/newsiteCMT\/wp-json\/wp\/v2\/pages\/4640","targetHints":{"allow":["GET"]}}],"collection":[{"href":"https:\/\/www.guaranda.gob.ec\/newsiteCMT\/wp-json\/wp\/v2\/pages"}],"about":[{"href":"https:\/\/www.guaranda.gob.ec\/newsiteCMT\/wp-json\/wp\/v2\/types\/page"}],"author":[{"embeddable":true,"href":"https:\/\/www.guaranda.gob.ec\/newsiteCMT\/wp-json\/wp\/v2\/users\/3"}],"replies":[{"embeddable":true,"href":"https:\/\/www.guaranda.gob.ec\/newsiteCMT\/wp-json\/wp\/v2\/comments?post=4640"}],"version-history":[{"count":2,"href":"https:\/\/www.guaranda.gob.ec\/newsiteCMT\/wp-json\/wp\/v2\/pages\/4640\/revisions"}],"predecessor-version":[{"id":4645,"href":"https:\/\/www.guaranda.gob.ec\/newsiteCMT\/wp-json\/wp\/v2\/pages\/4640\/revisions\/4645"}],"wp:attachment":[{"href":"https:\/\/www.guaranda.gob.ec\/newsiteCMT\/wp-json\/wp\/v2\/media?parent=4640"}],"curies":[{"name":"wp","href":"https:\/\/api.w.org\/{rel}","templated":true}]}}