{"id":42,"date":"2016-06-08T12:53:51","date_gmt":"2016-06-08T17:53:51","guid":{"rendered":"http:\/\/guaranda.gob.ec\/newsiteCMT\/?page_id=42"},"modified":"2025-05-16T09:20:23","modified_gmt":"2025-05-16T14:20:23","slug":"historia","status":"publish","type":"page","link":"https:\/\/www.guaranda.gob.ec\/newsiteCMT\/historia\/","title":{"rendered":"Historia"},"content":{"rendered":"\t\t<div data-elementor-type=\"wp-page\" data-elementor-id=\"42\" class=\"elementor elementor-42\">\n\t\t\t\t\t\t<section class=\"elementor-section elementor-top-section elementor-element elementor-element-28c2e58c elementor-section-boxed elementor-section-height-default elementor-section-height-default\" data-id=\"28c2e58c\" data-element_type=\"section\">\n\t\t\t\t\t\t<div class=\"elementor-container elementor-column-gap-default\">\n\t\t\t\t\t<div class=\"elementor-column elementor-col-100 elementor-top-column elementor-element elementor-element-727c0003\" data-id=\"727c0003\" data-element_type=\"column\">\n\t\t\t<div class=\"elementor-widget-wrap elementor-element-populated\">\n\t\t\t\t\t\t<div class=\"elementor-element elementor-element-6df828fd elementor-widget elementor-widget-text-editor\" data-id=\"6df828fd\" data-element_type=\"widget\" data-widget_type=\"text-editor.default\">\n\t\t\t\t<div class=\"elementor-widget-container\">\n\t\t\t\t\t\t\t\t\t<p class=\"x_intro_frase\" style=\"text-align: justify;\">Fue fundada por los espa\u00f1oles en 1571, pas\u00f3 a corregimiento de Guaranda en 1702, fue elevada a villa mayor el 11 de noviembre de 1811 su Independencia aconteci\u00f3 el 10 de noviembre de 1820.<\/p>\r\nEl 25 de junio de 1824 la C\u00e1mara de Representantes de la Gran Colombia expidi\u00f3 la \u201cLey de Divisi\u00f3n Territorial de la Rep\u00fablica de Colombia\u201d, en donde se estableci\u00f3 la estructura pol\u00edtica y administrativa de su territorio. En esta fecha, Francisco de Paula y Santander, como Presidente encargado, firm\u00f3 el decreto de creaci\u00f3n de tres provincias y 15 cantones, entre ellos Guaranda. Esta historia fue olvidada y durante a\u00f1os, el 23 de junio, era fecha designada para conmemorar la cantonizaci\u00f3n de Guaranda. Finalmente, el Concejo Municipal, recogiendo la historia y siendo leal a ella, resolvi\u00f3 en el 2020 promulgar la <a href=\"https:\/\/www.guaranda.gob.ec\/newsiteCMT\/download\/ordenanzas\/ordenanzas_2020\/05_mayo\/ORDENANZA-QUE-NORMA-LA-CONMEMORACION-DE-CREACION-DEL-CANTON-GUARANDA.pdf\">\u201cOrdenanza que norma la Conmemoraci\u00f3n de Creaci\u00f3n del Cant\u00f3n Guaranda\u201d<\/a> el 25 de junio de 1824.\r\n<p class=\"x_intro_frase\" style=\"text-align: justify;\">Los datos existentes de la historia de la ciudad son gracias al corregidor de Chimbo, Miguel de Cantos que escribi\u00f3 en 1581 sobre Guaranda. Cuando el inca Tupac Yupanqui, en su viaje de regreso desde Quito hasta Cuzco, utiliz\u00f3 la ruta relativamente accesible que asciende desde el callej\u00f3n andino, pasando por los p\u00e1ramos situados a los pies del majestuoso Chimborazo, y que desciende por el valle del Chimbo hasta alcanzar la llanura costera. A finales del siglo XV la zona estaba ocupada por un conglomerado de se\u00f1or\u00edos inter\u00e9tnicos, siendo los m\u00e1s fuertes el de los Camayo y el de los Chimbo. Para asegurar el dominio de tan estrat\u00e9gico paso, los incas colonizaron la regi\u00f3n con varias m\u00edtmacunas (grupos de indios naturales de las zonas de directa incidencia de Cuzco, regidos por un curaca).<\/p>\r\n<p style=\"text-align: justify;\">Esta nueva situaci\u00f3n dur\u00f3 muy poco, puesto que los espa\u00f1oles pronto advirtieron que el valle era la ruta m\u00e1s corta entre Guayaquil y Quito; as\u00ed, Benalc\u00e1zar fund\u00f3 alrededor de 1534 el asiento de Chimbo. Guaranda ya exist\u00eda en 1592, pero su importancia era mucho menor que la de Chimbo, capital del Corregimiento de Chimbo en 1581.<\/p>\r\n<p style=\"text-align: justify;\">Con el pasar de los a\u00f1os, Guaranda se convirti\u00f3 en el centro comercial m\u00e1s importante de la regi\u00f3n, en 1776 el corregidor abandona Chimbo y convierte a Guaranda en la nueva capital.<\/p>\r\n<p style=\"text-align: justify;\"><strong>El 11 de noviembre de 1811<\/strong>, la Junta de Gobernaci\u00f3n de Quito asciende\u00a0 a Guaranda a la categor\u00eda de Villa.<\/p>\r\n<p style=\"text-align: justify;\">Durante la lucha por la Independencia, la ruta interregional constituy\u00f3 un objetivo militar muy codiciado. <em><strong>La batalla del Camino Real que se dio el 9 de noviembre de 1820<\/strong><\/em>, donde las tropas de la Corona fueron derrotadas, fue un paso fundamental dentro del proceso libertario de lo que hoy es el Ecuador; un d\u00eda despu\u00e9s, Guaranda proclam\u00f3 su Independencia del dominio espa\u00f1ol.<\/p>\r\n<p style=\"text-align: justify;\">Seg\u00fan la Ley de Divisi\u00f3n Territorial de Colombia, dictada el<strong> 25 de junio de 1824<\/strong>, Guaranda pas\u00f3 a formar parte de la Provincia de Pichincha. En el a\u00f1o 1830, despu\u00e9s de la separaci\u00f3n de la Gran Colombia, Guaranda, pas\u00f3 a formar parte de la provincia de Chimborazo.<\/p>\r\n<p style=\"text-align: justify;\">Esta situaci\u00f3n dur\u00f3 hasta el <strong>3 de marzo de 1860<\/strong>, en que Garc\u00eda Moreno, cre\u00f3 el Cant\u00f3n Chimbo, patri\u00f3tica decisi\u00f3n, atendiendo las gestiones de distinguidos ciudadanos, como: <strong>Luis Salvador, Francisco Secaira, Jos\u00e9 Mar\u00eda Cisneros, Doroteo Rodr\u00edguez y Miguel Arg\u00fcello. Guaranda y Chimbo<\/strong>, con sus parroquias, pasaron a pertenecer a la Provincia de Los R\u00edos.<\/p>\r\n<p style=\"text-align: justify;\"><strong>El 23 de abril de 1884<\/strong>, la Convenci\u00f3n Nacional cre\u00f3 la Provincia de Bol\u00edvar por gestiones de <strong>\u00c1ngel Polibio Ch\u00e1vez y Gabriel Ignacio de Veintimilla<\/strong>. El 15 de Mayo del mismo a\u00f1o, se inaugur\u00f3 la Provincia como tal. Guaranda, desde entonces es la capital de la Provincia de Bol\u00edvar.<\/p>\r\n<p style=\"text-align: justify;\"><strong>El 23 de octubre 1997<\/strong> la ciudad de Guaranda fue declarada Patrimonio Cultural<\/p>\t\t\t\t\t\t\t\t<\/div>\n\t\t\t\t<\/div>\n\t\t\t\t\t<\/div>\n\t\t<\/div>\n\t\t\t\t\t<\/div>\n\t\t<\/section>\n\t\t\t\t<\/div>\n\t\t","protected":false},"excerpt":{"rendered":"<p>Fue fundada por los espa\u00f1oles en 1571, pas\u00f3 a corregimiento de Guaranda en 1702, fue elevada a villa mayor el 11 de noviembre de 1811 su Independencia aconteci\u00f3 el 10 de noviembre de 1820. El 25 de junio de 1824 la C\u00e1mara de Representantes de la Gran Colombia expidi\u00f3 la \u201cLey de Divisi\u00f3n Territorial de [&hellip;]<\/p>\n","protected":false},"author":1,"featured_media":7960,"parent":0,"menu_order":0,"comment_status":"closed","ping_status":"closed","template":"","meta":{"give_campaign_id":0,"footnotes":""},"class_list":["post-42","page","type-page","status-publish","has-post-thumbnail","hentry"],"campaignId":"","jetpack_shortlink":"https:\/\/wp.me\/P7CGGh-G","jetpack_sharing_enabled":true,"_links":{"self":[{"href":"https:\/\/www.guaranda.gob.ec\/newsiteCMT\/wp-json\/wp\/v2\/pages\/42","targetHints":{"allow":["GET"]}}],"collection":[{"href":"https:\/\/www.guaranda.gob.ec\/newsiteCMT\/wp-json\/wp\/v2\/pages"}],"about":[{"href":"https:\/\/www.guaranda.gob.ec\/newsiteCMT\/wp-json\/wp\/v2\/types\/page"}],"author":[{"embeddable":true,"href":"https:\/\/www.guaranda.gob.ec\/newsiteCMT\/wp-json\/wp\/v2\/users\/1"}],"replies":[{"embeddable":true,"href":"https:\/\/www.guaranda.gob.ec\/newsiteCMT\/wp-json\/wp\/v2\/comments?post=42"}],"version-history":[{"count":5,"href":"https:\/\/www.guaranda.gob.ec\/newsiteCMT\/wp-json\/wp\/v2\/pages\/42\/revisions"}],"predecessor-version":[{"id":7963,"href":"https:\/\/www.guaranda.gob.ec\/newsiteCMT\/wp-json\/wp\/v2\/pages\/42\/revisions\/7963"}],"wp:featuredmedia":[{"embeddable":true,"href":"https:\/\/www.guaranda.gob.ec\/newsiteCMT\/wp-json\/wp\/v2\/media\/7960"}],"wp:attachment":[{"href":"https:\/\/www.guaranda.gob.ec\/newsiteCMT\/wp-json\/wp\/v2\/media?parent=42"}],"curies":[{"name":"wp","href":"https:\/\/api.w.org\/{rel}","templated":true}]}}

<div data-elementor-type="wp-page" data-elementor-id="42" class="elementor elementor-42">
						<section class="elementor-section elementor-top-section elementor-element elementor-element-28c2e58c elementor-section-boxed elementor-section-height-default elementor-section-height-default" data-id="28c2e58c" data-element_type="section">
						<div class="elementor-container elementor-column-gap-default">
					<div class="elementor-column elementor-col-100 elementor-top-column elementor-element elementor-element-727c0003" data-id="727c0003" data-element_type="column">
			<div class="elementor-widget-wrap elementor-element-populated">
						<div class="elementor-element elementor-element-6df828fd elementor-widget elementor-widget-text-editor" data-id="6df828fd" data-element_type="widget" data-widget_type="text-editor.default">
				<div class="elementor-widget-container">
									<p class="x_intro_frase" style="text-align: justify;">Fue fundada por los españoles en 1571, pasó a corregimiento de Guaranda en 1702, fue elevada a villa mayor el 11 de noviembre de 1811 su Independencia aconteció el 10 de noviembre de 1820.</p>
El 25 de junio de 1824 la Cámara de Representantes de la Gran Colombia expidió la “Ley de División Territorial de la República de Colombia”, en donde se estableció la estructura política y administrativa de su territorio. En esta fecha, Francisco de Paula y Santander, como Presidente encargado, firmó el decreto de creación de tres provincias y 15 cantones, entre ellos Guaranda. Esta historia fue olvidada y durante años, el 23 de junio, era fecha designada para conmemorar la cantonización de Guaranda. Finalmente, el Concejo Municipal, recogiendo la historia y siendo leal a ella, resolvió en el 2020 promulgar la <a href="https://www.guaranda.gob.ec/newsiteCMT/download/ordenanzas/ordenanzas_2020/05_mayo/ORDENANZA-QUE-NORMA-LA-CONMEMORACION-DE-CREACION-DEL-CANTON-GUARANDA.pdf">“Ordenanza que norma la Conmemoración de Creación del Cantón Guaranda”</a> el 25 de junio de 1824.
<p class="x_intro_frase" style="text-align: justify;">Los datos existentes de la historia de la ciudad son gracias al corregidor de Chimbo, Miguel de Cantos que escribió en 1581 sobre Guaranda. Cuando el inca Tupac Yupanqui, en su viaje de regreso desde Quito hasta Cuzco, utilizó la ruta relativamente accesible que asciende desde el callejón andino, pasando por los páramos situados a los pies del majestuoso Chimborazo, y que desciende por el valle del Chimbo hasta alcanzar la llanura costera. A finales del siglo XV la zona estaba ocupada por un conglomerado de señoríos interétnicos, siendo los más fuertes el de los Camayo y el de los Chimbo. Para asegurar el dominio de tan estratégico paso, los incas colonizaron la región con varias mítmacunas (grupos de indios naturales de las zonas de directa incidencia de Cuzco, regidos por un curaca).</p>
<p style="text-align: justify;">Esta nueva situación duró muy poco, puesto que los españoles pronto advirtieron que el valle era la ruta más corta entre Guayaquil y Quito; así, Benalcázar fundó alrededor de 1534 el asiento de Chimbo. Guaranda ya existía en 1592, pero su importancia era mucho menor que la de Chimbo, capital del Corregimiento de Chimbo en 1581.</p>
<p style="text-align: justify;">Con el pasar de los años, Guaranda se convirtió en el centro comercial más importante de la región, en 1776 el corregidor abandona Chimbo y convierte a Guaranda en la nueva capital.</p>
<p style="text-align: justify;"><strong>El 11 de noviembre de 1811</strong>, la Junta de Gobernación de Quito asciende  a Guaranda a la categoría de Villa.</p>
<p style="text-align: justify;">Durante la lucha por la Independencia, la ruta interregional constituyó un objetivo militar muy codiciado. <em><strong>La batalla del Camino Real que se dio el 9 de noviembre de 1820</strong></em>, donde las tropas de la Corona fueron derrotadas, fue un paso fundamental dentro del proceso libertario de lo que hoy es el Ecuador; un día después, Guaranda proclamó su Independencia del dominio español.</p>
<p style="text-align: justify;">Según la Ley de División Territorial de Colombia, dictada el<strong> 25 de junio de 1824</strong>, Guaranda pasó a formar parte de la Provincia de Pichincha. En el año 1830, después de la separación de la Gran Colombia, Guaranda, pasó a formar parte de la provincia de Chimborazo.</p>
<p style="text-align: justify;">Esta situación duró hasta el <strong>3 de marzo de 1860</strong>, en que García Moreno, creó el Cantón Chimbo, patriótica decisión, atendiendo las gestiones de distinguidos ciudadanos, como: <strong>Luis Salvador, Francisco Secaira, José María Cisneros, Doroteo Rodríguez y Miguel Argüello. Guaranda y Chimbo</strong>, con sus parroquias, pasaron a pertenecer a la Provincia de Los Ríos.</p>
<p style="text-align: justify;"><strong>El 23 de abril de 1884</strong>, la Convención Nacional creó la Provincia de Bolívar por gestiones de <strong>Ángel Polibio Chávez y Gabriel Ignacio de Veintimilla</strong>. El 15 de Mayo del mismo año, se inauguró la Provincia como tal. Guaranda, desde entonces es la capital de la Provincia de Bolívar.</p>
<p style="text-align: justify;"><strong>El 23 de octubre 1997</strong> la ciudad de Guaranda fue declarada Patrimonio Cultural</p>								</div>
				</div>
					</div>
		</div>
					</div>
		</section>
				</div>

<p>Fue fundada por los españoles en 1571, pasó a corregimiento de Guaranda en 1702, fue elevada a villa mayor el 11 de noviembre de 1811 su Independencia aconteció el 10 de noviembre de 1820. El 25 de junio de 1824 la Cámara de Representantes de la Gran Colombia expidió la “Ley de División Territorial de [&hellip;]</p>
