{"id":211,"date":"2016-06-14T11:31:17","date_gmt":"2016-06-14T16:31:17","guid":{"rendered":"http:\/\/guaranda.gob.ec\/newsiteCMT\/?page_id=211"},"modified":"2016-11-15T23:26:08","modified_gmt":"2016-11-16T04:26:08","slug":"facundo-vela","status":"publish","type":"page","link":"https:\/\/www.guaranda.gob.ec\/newsiteCMT\/facundo-vela\/","title":{"rendered":"FACUNDO VELA"},"content":{"rendered":"<p>[vc_row][vc_column][vc_images_carousel images=&#8221;748,799,800,801,802&#8243; img_size=&#8221;large&#8221;][\/vc_column][\/vc_row][vc_row][vc_column][vc_column_text]<\/p>\n<p style=\"text-align: justify;\">Esta parroquia rural del cant\u00f3n Guaranda est\u00e1 ubicada en una zona antiguamente conocida como &#8220;Las tierras de Pi\u00f1anatug&#8221;, al Norte del Cant\u00f3n y la Provincia.<\/p>\n<p style=\"text-align: justify;\">Esta limitada: al Norte por la provincia de Cotopaxi y la parroquia de Salinas; al Sur, Simi\u00e1tug; al Este y al Oeste San Luis de Pambil y el cant\u00f3n Las Naves. Se encuentran en la zona Premontano o Subtropical.<\/p>\n<p style=\"text-align: justify;\">Seg\u00fan la divisi\u00f3n pol\u00edtica administrativa, esta zona est\u00e1 localizada a 79 Km. de Guaranda. La parroquia est\u00e1 constituida por 12 anejos que abarcan una extensi\u00f3n de 4.369 Has.<\/p>\n<p style=\"text-align: justify;\">En esta Parroquia existen microempresas que se dedican a la producci\u00f3n de mermeladas y elaborados de harina; a nivel familiar se procesa la ca\u00f1a de az\u00facar de manera tradicional y artesanal, producen alfe\u00f1iques, panela y agua ardiente.<\/p>\n<p>[\/vc_column_text][\/vc_column][\/vc_row]<\/p>\n","protected":false},"excerpt":{"rendered":"<p>[vc_row][vc_column][vc_images_carousel images=&#8221;748,799,800,801,802&#8243; img_size=&#8221;large&#8221;][\/vc_column][\/vc_row][vc_row][vc_column][vc_column_text] Esta parroquia rural del cant\u00f3n Guaranda est\u00e1 ubicada en una zona antiguamente conocida como &#8220;Las tierras de Pi\u00f1anatug&#8221;, al Norte del Cant\u00f3n y la Provincia. Esta limitada: al Norte por la provincia de Cotopaxi y la parroquia de Salinas; al Sur, Simi\u00e1tug; al Este y al Oeste San Luis de Pambil y [&hellip;]<\/p>\n","protected":false},"author":1,"featured_media":0,"parent":0,"menu_order":0,"comment_status":"closed","ping_status":"closed","template":"","meta":{"give_campaign_id":0,"footnotes":""},"class_list":["post-211","page","type-page","status-publish","hentry"],"campaignId":"","jetpack_shortlink":"https:\/\/wp.me\/P7CGGh-3p","jetpack_sharing_enabled":true,"_links":{"self":[{"href":"https:\/\/www.guaranda.gob.ec\/newsiteCMT\/wp-json\/wp\/v2\/pages\/211","targetHints":{"allow":["GET"]}}],"collection":[{"href":"https:\/\/www.guaranda.gob.ec\/newsiteCMT\/wp-json\/wp\/v2\/pages"}],"about":[{"href":"https:\/\/www.guaranda.gob.ec\/newsiteCMT\/wp-json\/wp\/v2\/types\/page"}],"author":[{"embeddable":true,"href":"https:\/\/www.guaranda.gob.ec\/newsiteCMT\/wp-json\/wp\/v2\/users\/1"}],"replies":[{"embeddable":true,"href":"https:\/\/www.guaranda.gob.ec\/newsiteCMT\/wp-json\/wp\/v2\/comments?post=211"}],"version-history":[{"count":3,"href":"https:\/\/www.guaranda.gob.ec\/newsiteCMT\/wp-json\/wp\/v2\/pages\/211\/revisions"}],"predecessor-version":[{"id":803,"href":"https:\/\/www.guaranda.gob.ec\/newsiteCMT\/wp-json\/wp\/v2\/pages\/211\/revisions\/803"}],"wp:attachment":[{"href":"https:\/\/www.guaranda.gob.ec\/newsiteCMT\/wp-json\/wp\/v2\/media?parent=211"}],"curies":[{"name":"wp","href":"https:\/\/api.w.org\/{rel}","templated":true}]}}

<p>[vc_row][vc_column][vc_images_carousel images=&#8221;748,799,800,801,802&#8243; img_size=&#8221;large&#8221;][/vc_column][/vc_row][vc_row][vc_column][vc_column_text]</p>
<p style="text-align: justify;">Esta parroquia rural del cantón Guaranda está ubicada en una zona antiguamente conocida como &#8220;Las tierras de Piñanatug&#8221;, al Norte del Cantón y la Provincia.</p>
<p style="text-align: justify;">Esta limitada: al Norte por la provincia de Cotopaxi y la parroquia de Salinas; al Sur, Simiátug; al Este y al Oeste San Luis de Pambil y el cantón Las Naves. Se encuentran en la zona Premontano o Subtropical.</p>
<p style="text-align: justify;">Según la división política administrativa, esta zona está localizada a 79 Km. de Guaranda. La parroquia está constituida por 12 anejos que abarcan una extensión de 4.369 Has.</p>
<p style="text-align: justify;">En esta Parroquia existen microempresas que se dedican a la producción de mermeladas y elaborados de harina; a nivel familiar se procesa la caña de azúcar de manera tradicional y artesanal, producen alfeñiques, panela y agua ardiente.</p>
<p>[/vc_column_text][/vc_column][/vc_row]</p>

<p>[vc_row][vc_column][vc_images_carousel images=&#8221;748,799,800,801,802&#8243; img_size=&#8221;large&#8221;][/vc_column][/vc_row][vc_row][vc_column][vc_column_text] Esta parroquia rural del cantón Guaranda está ubicada en una zona antiguamente conocida como &#8220;Las tierras de Piñanatug&#8221;, al Norte del Cantón y la Provincia. Esta limitada: al Norte por la provincia de Cotopaxi y la parroquia de Salinas; al Sur, Simiátug; al Este y al Oeste San Luis de Pambil y [&hellip;]</p>
