{"id":200,"date":"2016-06-14T11:12:12","date_gmt":"2016-06-14T16:12:12","guid":{"rendered":"http:\/\/guaranda.gob.ec\/newsiteCMT\/?page_id=200"},"modified":"2016-11-15T23:11:44","modified_gmt":"2016-11-16T04:11:44","slug":"simiatug","status":"publish","type":"page","link":"https:\/\/www.guaranda.gob.ec\/newsiteCMT\/simiatug\/","title":{"rendered":"SIMIATUG"},"content":{"rendered":"<p>[vc_row][vc_column][vc_images_carousel images=&#8221;757,770,771,772,773,774&#8243; img_size=&#8221;large&#8221;][\/vc_column][\/vc_row][vc_row][vc_column][vc_column_text]<\/p>\n<p style=\"text-align: justify;\">En castellano significa &#8220;Boca de Lobo&#8221;. Se llega a esta parroquia, constituida por varias comunas ind\u00edgenas, por el carretero a Salinas; o desde la Cruz del Arenal por otra v\u00eda lastrada. Se localiza al extremo norte del cant\u00f3n Guaranda, dentro de los siguientes l\u00edmites: al norte, la Provincia de Cotopaxi; al sur, la parroquia de Salinas; al este, la Provincia de Tungurahua y Salinas y al oeste la Parroquia Facundo Vela, ubic\u00e1ndose en el piso altitudinal Montano o templado fr\u00edo.<\/p>\n<p style=\"text-align: justify;\">Tiene mucha importancia antropol\u00f3gica y sociol\u00f3gica. Se han escrito algunos libros, en especial por parte de estudiosos extranjeros, sobre este asiento considerado uno de los m\u00e1s antiguos de la provincia de Bol\u00edvar. Se encuentran en Simiautug las ruinas del templo al Dios Guanguliqu\u00edn y el &#8220;Valle de las Catedrales&#8221;, que son grandes farallones p\u00e9treos, importantes manifestaciones naturales de especial hermosura y atracci\u00f3n.<\/p>\n<p style=\"text-align: justify;\">Aseguran que existen minas de plata desde la \u00e9poca de Huyna C\u00e1pac.<\/p>\n<p style=\"text-align: justify;\">Entre las comunas sobresale la de \u201cChuquizungo\u201d con 15.000 ind\u00edgenas que siguen viviendo las costumbres, la religi\u00f3n, idioma y a\u00fan aspectos socio pol\u00edticos de etapas primitivas.<\/p>\n<p style=\"text-align: justify;\">Seg\u00fan T. Wolf est\u00e1 a 3.238 m.s.n.m. con una temperatura media de 10\u00b0c. Desde Guaranda dista 55 Km. (entre dos y tres horas de viaje), por una v\u00eda lastrada.<\/p>\n<p style=\"text-align: justify;\">En este sector, se encuentra la organizaci\u00f3n jur\u00eddica de segundo grado FUNDACI\u00d3N RUNACUNAPAC YACHANA HUASI, integrada por 18 comunidades y el Centro Parroquial, el cual se encuentra a 73 km de Guaranda, a una altitud de 3100 m.s.n.m. Esta organizaci\u00f3n posee un centro de capacitaci\u00f3n, llamado &#8220;La Ercilla&#8221;, con capacidad para 50 personas, con hospedaje y alimentaci\u00f3n.<\/p>\n<p style=\"text-align: justify;\">Los parajes naturales tienen una belleza singular, dado que est\u00e1 ubicado en las faldas de la Cordillera Occidental. Desde esta parroquia, en d\u00edas despejados, se contempla la belleza del subtr\u00f3pico y la costa ecuatoriana. Sus miembros manifiestan inter\u00e9s por aprovechar sus recursos naturales y culturales dentro de la actividad tur\u00edstica.<\/p>\n<p style=\"text-align: justify;\">Es una parroquia con una poblaci\u00f3n eminentemente ind\u00edgena, sus principales actividades son agropecuarias. Se relacionan comercialmente tanto con Guaranda como con la ciudad de Ambato.<\/p>\n<p>[\/vc_column_text][\/vc_column][\/vc_row]<\/p>\n","protected":false},"excerpt":{"rendered":"<p>[vc_row][vc_column][vc_images_carousel images=&#8221;757,770,771,772,773,774&#8243; img_size=&#8221;large&#8221;][\/vc_column][\/vc_row][vc_row][vc_column][vc_column_text] En castellano significa &#8220;Boca de Lobo&#8221;. Se llega a esta parroquia, constituida por varias comunas ind\u00edgenas, por el carretero a Salinas; o desde la Cruz del Arenal por otra v\u00eda lastrada. Se localiza al extremo norte del cant\u00f3n Guaranda, dentro de los siguientes l\u00edmites: al norte, la Provincia de Cotopaxi; al sur, [&hellip;]<\/p>\n","protected":false},"author":1,"featured_media":0,"parent":0,"menu_order":0,"comment_status":"closed","ping_status":"closed","template":"","meta":{"give_campaign_id":0,"footnotes":""},"class_list":["post-200","page","type-page","status-publish","hentry"],"campaignId":"","jetpack_shortlink":"https:\/\/wp.me\/P7CGGh-3e","jetpack_sharing_enabled":true,"_links":{"self":[{"href":"https:\/\/www.guaranda.gob.ec\/newsiteCMT\/wp-json\/wp\/v2\/pages\/200","targetHints":{"allow":["GET"]}}],"collection":[{"href":"https:\/\/www.guaranda.gob.ec\/newsiteCMT\/wp-json\/wp\/v2\/pages"}],"about":[{"href":"https:\/\/www.guaranda.gob.ec\/newsiteCMT\/wp-json\/wp\/v2\/types\/page"}],"author":[{"embeddable":true,"href":"https:\/\/www.guaranda.gob.ec\/newsiteCMT\/wp-json\/wp\/v2\/users\/1"}],"replies":[{"embeddable":true,"href":"https:\/\/www.guaranda.gob.ec\/newsiteCMT\/wp-json\/wp\/v2\/comments?post=200"}],"version-history":[{"count":3,"href":"https:\/\/www.guaranda.gob.ec\/newsiteCMT\/wp-json\/wp\/v2\/pages\/200\/revisions"}],"predecessor-version":[{"id":775,"href":"https:\/\/www.guaranda.gob.ec\/newsiteCMT\/wp-json\/wp\/v2\/pages\/200\/revisions\/775"}],"wp:attachment":[{"href":"https:\/\/www.guaranda.gob.ec\/newsiteCMT\/wp-json\/wp\/v2\/media?parent=200"}],"curies":[{"name":"wp","href":"https:\/\/api.w.org\/{rel}","templated":true}]}}

<p>[vc_row][vc_column][vc_images_carousel images=&#8221;757,770,771,772,773,774&#8243; img_size=&#8221;large&#8221;][/vc_column][/vc_row][vc_row][vc_column][vc_column_text]</p>
<p style="text-align: justify;">En castellano significa &#8220;Boca de Lobo&#8221;. Se llega a esta parroquia, constituida por varias comunas indígenas, por el carretero a Salinas; o desde la Cruz del Arenal por otra vía lastrada. Se localiza al extremo norte del cantón Guaranda, dentro de los siguientes límites: al norte, la Provincia de Cotopaxi; al sur, la parroquia de Salinas; al este, la Provincia de Tungurahua y Salinas y al oeste la Parroquia Facundo Vela, ubicándose en el piso altitudinal Montano o templado frío.</p>
<p style="text-align: justify;">Tiene mucha importancia antropológica y sociológica. Se han escrito algunos libros, en especial por parte de estudiosos extranjeros, sobre este asiento considerado uno de los más antiguos de la provincia de Bolívar. Se encuentran en Simiautug las ruinas del templo al Dios Guanguliquín y el &#8220;Valle de las Catedrales&#8221;, que son grandes farallones pétreos, importantes manifestaciones naturales de especial hermosura y atracción.</p>
<p style="text-align: justify;">Aseguran que existen minas de plata desde la época de Huyna Cápac.</p>
<p style="text-align: justify;">Entre las comunas sobresale la de “Chuquizungo” con 15.000 indígenas que siguen viviendo las costumbres, la religión, idioma y aún aspectos socio políticos de etapas primitivas.</p>
<p style="text-align: justify;">Según T. Wolf está a 3.238 m.s.n.m. con una temperatura media de 10°c. Desde Guaranda dista 55 Km. (entre dos y tres horas de viaje), por una vía lastrada.</p>
<p style="text-align: justify;">En este sector, se encuentra la organización jurídica de segundo grado FUNDACIÓN RUNACUNAPAC YACHANA HUASI, integrada por 18 comunidades y el Centro Parroquial, el cual se encuentra a 73 km de Guaranda, a una altitud de 3100 m.s.n.m. Esta organización posee un centro de capacitación, llamado &#8220;La Ercilla&#8221;, con capacidad para 50 personas, con hospedaje y alimentación.</p>
<p style="text-align: justify;">Los parajes naturales tienen una belleza singular, dado que está ubicado en las faldas de la Cordillera Occidental. Desde esta parroquia, en días despejados, se contempla la belleza del subtrópico y la costa ecuatoriana. Sus miembros manifiestan interés por aprovechar sus recursos naturales y culturales dentro de la actividad turística.</p>
<p style="text-align: justify;">Es una parroquia con una población eminentemente indígena, sus principales actividades son agropecuarias. Se relacionan comercialmente tanto con Guaranda como con la ciudad de Ambato.</p>
<p>[/vc_column_text][/vc_column][/vc_row]</p>

<p>[vc_row][vc_column][vc_images_carousel images=&#8221;757,770,771,772,773,774&#8243; img_size=&#8221;large&#8221;][/vc_column][/vc_row][vc_row][vc_column][vc_column_text] En castellano significa &#8220;Boca de Lobo&#8221;. Se llega a esta parroquia, constituida por varias comunas indígenas, por el carretero a Salinas; o desde la Cruz del Arenal por otra vía lastrada. Se localiza al extremo norte del cantón Guaranda, dentro de los siguientes límites: al norte, la Provincia de Cotopaxi; al sur, [&hellip;]</p>
