{"id":197,"date":"2016-06-14T11:10:17","date_gmt":"2016-06-14T16:10:17","guid":{"rendered":"http:\/\/guaranda.gob.ec\/newsiteCMT\/?page_id=197"},"modified":"2016-11-15T23:08:15","modified_gmt":"2016-11-16T04:08:15","slug":"san-lorenzo","status":"publish","type":"page","link":"https:\/\/www.guaranda.gob.ec\/newsiteCMT\/san-lorenzo\/","title":{"rendered":"SAN LORENZO"},"content":{"rendered":"<p>[vc_row][vc_column][vc_images_carousel images=&#8221;753,763,765,766,767&#8243; img_size=&#8221;large&#8221;][\/vc_column][\/vc_row][vc_row][vc_column][vc_column_text]<\/p>\n<p style=\"text-align: justify;\">San Lorenzo es una parroquia rural del cant\u00f3n Guaranda. ES un peque\u00f1o centro poblado, rodeado de abundante naturaleza y cultivos agr\u00edcolas. Integrada, aproximadamente, por 15 comunidades. Se cree que su existencia es anterior a la de los Incas, as\u00ed mismo se asegura que fue fundada luego por Sebasti\u00e1n de Benalc\u00e1zar. Posee una de las dos iglesias m\u00e1s antiguas de la Provincia. Sus ferias son t\u00edpicas y los domingos las retretas. Sus casas son una mezcla de la t\u00edpica construcci\u00f3n serrana con la coste\u00f1a.<\/p>\n<p style=\"text-align: justify;\">Se encuentra en la zona Montano Bajo o Templado, al sur del Cant\u00f3n Guaranda, limita al Norte con la Parroquia San Sim\u00f3n, al Sur con Santiago, al Este con la Provincia del Chimborazo y al Oeste con la Parroquia Santa Fe.<\/p>\n<p style=\"text-align: justify;\">El casco parroquial est\u00e1 a 14 km. de Guaranda, unida por una carretera lastrada, apta para todo tipo de veh\u00edculos. Est\u00e1 a 2610 m.s.n.m. Temperatura media de 16 grados cent\u00edgrados.<\/p>\n<p style=\"text-align: justify;\">Es un poblado de vocaci\u00f3n musical. Todos sus habitantes al menos saben tocar y entonar un instrumento musical con gran pericia. En San Lorenzo hay cinco bandas de m\u00fasica y un Instituto T\u00e9cnico Superior de M\u00fasica. Este Instituto forma profesionales que han alcanzado renombre nacional. Se la conoce como la Tierra de los M\u00fasicos. Es com\u00fan escuchar en cualquier casa entonar alg\u00fan instrumento musical. Es un pueblo tranquilo, de gente muy amable y acogedora, se dedican a la agricultura.<\/p>\n<p>En este pueblo como en muchos lugares de la provincia de Bol\u00edvar se celebran varias fiestas religiosas y culturales, entre las principales se destacan las siguientes:<\/p>\n<ul>\n<li>Patr\u00f3n San Lorenzo, fecha de celebraci\u00f3n 10 de agosto<\/li>\n<li>Virgen de los Remedios, celebraci\u00f3n \u00faltima semana de agosto<\/li>\n<li>Santa Cecilia, virgen de los m\u00fasicos, celebraci\u00f3n tercera semana de noviembre<\/li>\n<li>Jes\u00fas del Gran Poder, celebraci\u00f3n \u00faltima semana de noviembre<\/li>\n<li>Gallo Compadre, se celebra en Carnaval<\/li>\n<li>Los Monos de Corpus Cristi, celebraci\u00f3n tercera semana de junio<\/li>\n<\/ul>\n<p>Lugares Tur\u00edsticos<\/p>\n<ul>\n<li>Las piedras escritas por los Incas<\/li>\n<li>La Gruta del Padre Santo<\/li>\n<li>Los molinos de agua<\/li>\n<li>La v\u00eda de los Santos<\/li>\n<li>La cascada de Pacay<\/li>\n<\/ul>\n<p>[\/vc_column_text][\/vc_column][\/vc_row]<\/p>\n","protected":false},"excerpt":{"rendered":"<p>[vc_row][vc_column][vc_images_carousel images=&#8221;753,763,765,766,767&#8243; img_size=&#8221;large&#8221;][\/vc_column][\/vc_row][vc_row][vc_column][vc_column_text] San Lorenzo es una parroquia rural del cant\u00f3n Guaranda. ES un peque\u00f1o centro poblado, rodeado de abundante naturaleza y cultivos agr\u00edcolas. Integrada, aproximadamente, por 15 comunidades. Se cree que su existencia es anterior a la de los Incas, as\u00ed mismo se asegura que fue fundada luego por Sebasti\u00e1n de Benalc\u00e1zar. Posee una [&hellip;]<\/p>\n","protected":false},"author":1,"featured_media":0,"parent":0,"menu_order":0,"comment_status":"closed","ping_status":"closed","template":"","meta":{"give_campaign_id":0,"footnotes":""},"class_list":["post-197","page","type-page","status-publish","hentry"],"campaignId":"","jetpack_shortlink":"https:\/\/wp.me\/P7CGGh-3b","jetpack_sharing_enabled":true,"_links":{"self":[{"href":"https:\/\/www.guaranda.gob.ec\/newsiteCMT\/wp-json\/wp\/v2\/pages\/197","targetHints":{"allow":["GET"]}}],"collection":[{"href":"https:\/\/www.guaranda.gob.ec\/newsiteCMT\/wp-json\/wp\/v2\/pages"}],"about":[{"href":"https:\/\/www.guaranda.gob.ec\/newsiteCMT\/wp-json\/wp\/v2\/types\/page"}],"author":[{"embeddable":true,"href":"https:\/\/www.guaranda.gob.ec\/newsiteCMT\/wp-json\/wp\/v2\/users\/1"}],"replies":[{"embeddable":true,"href":"https:\/\/www.guaranda.gob.ec\/newsiteCMT\/wp-json\/wp\/v2\/comments?post=197"}],"version-history":[{"count":3,"href":"https:\/\/www.guaranda.gob.ec\/newsiteCMT\/wp-json\/wp\/v2\/pages\/197\/revisions"}],"predecessor-version":[{"id":768,"href":"https:\/\/www.guaranda.gob.ec\/newsiteCMT\/wp-json\/wp\/v2\/pages\/197\/revisions\/768"}],"wp:attachment":[{"href":"https:\/\/www.guaranda.gob.ec\/newsiteCMT\/wp-json\/wp\/v2\/media?parent=197"}],"curies":[{"name":"wp","href":"https:\/\/api.w.org\/{rel}","templated":true}]}}

<p>[vc_row][vc_column][vc_images_carousel images=&#8221;753,763,765,766,767&#8243; img_size=&#8221;large&#8221;][/vc_column][/vc_row][vc_row][vc_column][vc_column_text]</p>
<p style="text-align: justify;">San Lorenzo es una parroquia rural del cantón Guaranda. ES un pequeño centro poblado, rodeado de abundante naturaleza y cultivos agrícolas. Integrada, aproximadamente, por 15 comunidades. Se cree que su existencia es anterior a la de los Incas, así mismo se asegura que fue fundada luego por Sebastián de Benalcázar. Posee una de las dos iglesias más antiguas de la Provincia. Sus ferias son típicas y los domingos las retretas. Sus casas son una mezcla de la típica construcción serrana con la costeña.</p>
<p style="text-align: justify;">Se encuentra en la zona Montano Bajo o Templado, al sur del Cantón Guaranda, limita al Norte con la Parroquia San Simón, al Sur con Santiago, al Este con la Provincia del Chimborazo y al Oeste con la Parroquia Santa Fe.</p>
<p style="text-align: justify;">El casco parroquial está a 14 km. de Guaranda, unida por una carretera lastrada, apta para todo tipo de vehículos. Está a 2610 m.s.n.m. Temperatura media de 16 grados centígrados.</p>
<p style="text-align: justify;">Es un poblado de vocación musical. Todos sus habitantes al menos saben tocar y entonar un instrumento musical con gran pericia. En San Lorenzo hay cinco bandas de música y un Instituto Técnico Superior de Música. Este Instituto forma profesionales que han alcanzado renombre nacional. Se la conoce como la Tierra de los Músicos. Es común escuchar en cualquier casa entonar algún instrumento musical. Es un pueblo tranquilo, de gente muy amable y acogedora, se dedican a la agricultura.</p>
<p>En este pueblo como en muchos lugares de la provincia de Bolívar se celebran varias fiestas religiosas y culturales, entre las principales se destacan las siguientes:</p>
<ul>
<li>Patrón San Lorenzo, fecha de celebración 10 de agosto</li>
<li>Virgen de los Remedios, celebración última semana de agosto</li>
<li>Santa Cecilia, virgen de los músicos, celebración tercera semana de noviembre</li>
<li>Jesús del Gran Poder, celebración última semana de noviembre</li>
<li>Gallo Compadre, se celebra en Carnaval</li>
<li>Los Monos de Corpus Cristi, celebración tercera semana de junio</li>
</ul>
<p>Lugares Turísticos</p>
<ul>
<li>Las piedras escritas por los Incas</li>
<li>La Gruta del Padre Santo</li>
<li>Los molinos de agua</li>
<li>La vía de los Santos</li>
<li>La cascada de Pacay</li>
</ul>
<p>[/vc_column_text][/vc_column][/vc_row]</p>

<p>[vc_row][vc_column][vc_images_carousel images=&#8221;753,763,765,766,767&#8243; img_size=&#8221;large&#8221;][/vc_column][/vc_row][vc_row][vc_column][vc_column_text] San Lorenzo es una parroquia rural del cantón Guaranda. ES un pequeño centro poblado, rodeado de abundante naturaleza y cultivos agrícolas. Integrada, aproximadamente, por 15 comunidades. Se cree que su existencia es anterior a la de los Incas, así mismo se asegura que fue fundada luego por Sebastián de Benalcázar. Posee una [&hellip;]</p>
